ose -3*k - 318 = -4*t - 1553, 5*k + 3*t - 2068 = 0. What is the hundreds digit of k?
4
Let u(b) = 7*b - 8. Let s be 2*7 + (16 - 17). What is the tens digit of u(s)?
8
Let i = 107 + -156. Let m = 149 - i. What is the units digit of m?
8
What is the hundreds digit of (-8*9/432)/((-1)/30486)?
0
Suppose 3*y = 4*x - 180 - 188, -y = 5*x - 460. Suppose 28 + 13 = -a. Let b = a + x. What is the tens digit of b?
5
What is the units digit of 1193 - ((-12)/(-8) - 9/6)?
3
Suppose -24003 = -12*z - 9*z. What is the tens digit of z?
4
Let f be ((-1)/(2/(-88)))/(8/(-16)). Let u = -57 - f. What is the tens digit of u?
3
Let z(a) = -208*a + 6. What is the units digit of z(-1)?
4
Let w(b) = -b**3 - 57*b**2 - 74*b + 9. What is the units digit of w(-56)?
7
Suppose 3*v = -0*v + 747. Suppose 0 = -r + 4*p + 57, 4*p - v = -4*r - p. What is the units digit of r?
1
Let v = 14 - -25. What is the tens digit of v?
3
Let t(g) = 3*g + 20. Let w(f) be the third derivative of -3*f**4/8 - 10*f**3 - 7*f**2. Let c(z) = -7*t(z) - 2*w(z). What is the units digit of c(-7)?
1
Let i = 15 - -71. Suppose 2*a = -4*j + i, j + 2*a = -0*j + 17. What is the units digit of j?
3
Let n be 38 + (1 - (0 + -4 + 6)). Suppose -19 = -4*u + n. What is the units digit of u?
4
Suppose n = -y + 2, 3*y - 6 + 2 = -4*n. Let u(p) = 10*p - 8. Let i be u(y). Suppose -3*k - k = -5*m + 108, -2*m + i = 4*k. What is the units digit of m?
0
What is the tens digit of (-13)/(65/(-720)) + 20/(-5)?
4
Suppose 47*j - 507012 = -91*j. What is the tens digit of j?
7
Let p = 164 - 162. Suppose 2*q + 3*q - 70 = 0. What is the units digit of p/(-5) + q/10?
1
Let u(z) = 74*z**2 + 1 - 75*z**2 - 2*z**3 + z**3. Let t be u(0). What is the tens digit of t/3*9*13?
3
Suppose 607 = 14*y - 1969. Suppose t + 23 = 4*v + y, -3*t = -4*v - 483. What is the tens digit of t?
6
Let l(n) = 19*n**2 - 53 - n + 16 - 9*n - 3*n + n**3. What is the tens digit of l(-19)?
1
Let f = 4641 - 2464. What is the units digit of f?
7
Let d(f) be the second derivative of -f**6/180 + f**5/30 - f**4/3 - 2*f. Let p(g) be the third derivative of d(g). What is the units digit of p(-5)?
4
Let n(k) = k**2 + 14*k + 4. Let w be n(-14). Suppose 4*b - w - 8 = 0. What is the units digit of b?
3
Suppose -5*z - 398 + 3428 = 0. Let t be (z/12)/(2/4). Let q = -72 + t. What is the tens digit of q?
2
Let s(h) = 11*h**2 + 2*h**3 + 13*h + 0*h**3 - 6*h**3 + 5*h**3 + 34. What is the hundreds digit of s(-6)?
1
Let t = 319 + -183. What is the units digit of -2 + ((-2)/8 - t/(-32))?
2
Let g = -639 + 1082. What is the tens digit of g?
4
Let w(k) be the third derivative of 0*k**5 + 0*k + 1/6*k**3 - 4*k**2 + 0 + 7/30*k**6 - 1/12*k**4. What is the tens digit of w(1)?
2
Let v(z) = -10 + 8 + 15*z + 3. What is the tens digit of v(1)?
1
Let c = -80 - -80. Suppose 0 = 2*d, 4*m - 20*d + 25*d - 356 = c. What is the tens digit of m?
8
Let l(p) = -3*p**3 - p**2 - 2*p + 1. Suppose 4*y + a - 13 = 0, 2*a - 12 - 6 = -4*y. Let o be l(y). Let j = o - -59. What is the tens digit of j?
2
Let g be (1 + 0)/((-1)/298). Let j be 6/14 + g/(-7). Suppose -2*c + j = s, s + 129 = 4*s - 4*c. What is the tens digit of s?
4
Suppose 6*r = -570 - 360. Let g = 271 + r. What is the hundreds digit of g?
1
Suppose -716 = -42*y + 40*y. What is the hundreds digit of y?
3
Let q be (18/15)/((-10)/(-525)). What is the units digit of -75*(q/(-15) - -3)?
0
Suppose 1840 = 25*z - 13760. What is the hundreds digit of z?
6
Suppose 2*x - 4 = 0, -4*v = -0*v - 3*x + 6. Suppose 0 = 5*j - v*j - 290. What is the tens digit of (-4 - (-36)/8)*j?
2
What is the units digit of 75 - (-6 - 4/(-2))?
9
Let r = 138 + -70. Let f be 1*-3 + 9 + (-82)/2. Let g = f + r. What is the units digit of g?
3
Suppose p - 5*p + 3*z = 160, 0 = -2*p - 4*z - 102. Let t = p + 65. What is the tens digit of t?
2
Let s(k) = -k**2 + 22*k + 5. Let t be s(13). Let r = t + -70. What is the units digit of r?
2
Suppose 5*w + 15 + 1 = -d, -5*d + w + 24 = 0. Suppose 484 = 4*b - d*t, 0*t - 241 = -2*b + 3*t. What is the hundreds digit of b?
1
Let h be 1 + 1 + (-1984)/(-4). Let r = h - 968. What is the tens digit of 9/21 - r/14?
3
Let n(i) = 12*i**2 + 91*i**3 - 1 - 92*i**3 - 1 + 5*i. What is the units digit of n(12)?
8
Let x = 0 - -1. Suppose 0 = -z - x + 6. Suppose 3*l - 6 = 0, -z*l + 54 = -w + 3*w. What is the tens digit of w?
2
Suppose 5*v = -5*m + 4780, 1316 = v - 4*m + 370. Suppose -9*j - v = -2565. What is the units digit of j?
9
Let g = 1466 - -406. What is the units digit of g?
2
Let o(j) be the first derivative of -j**4/2 - j**3/3 + j**2 - j - 1. Suppose -57*v + 59*v = -4. What is the units digit of o(v)?
7
What is the thousands digit of 2 - 4*17165/(-20)?
3
Suppose -5*c - 8*l = -12*l - 5059, 2*l = 4*c - 4052. What is the tens digit of c?
1
Let g(p) = -p**3 - 2*p**2 + 18*p + 24. What is the units digit of g(-9)?
9
Suppose -2*w - 24 + 42 = 0. Let g = -3 + w. What is the units digit of g?
6
Let r be (1 + 1/5)/((-27)/(-450)). Let w be ((-7)/2)/((-1)/10). Let k = w - r. What is the tens digit of k?
1
Suppose 0 = -y + 4*d + 12, -4*y + 6 = -2*y + d. Let o be (-30)/(-8) - (-1)/y. What is the units digit of ((-2)/o)/((-1)/52)?
6
Let s be 3/((-4)/(-1 - 3)). Suppose -r + s = 2. What is the units digit of r?
1
Let c = 336 - 30. What is the hundreds digit of c?
3
Suppose -7*m + 26 - 12 = 0. Let r = m - -10. What is the units digit of r?
2
Suppose -5*r + 3 = -8*r. Let a(z) = -61*z**3 + z**2 + z. What is the tens digit of a(r)?
6
Let x = -5975 + 8382. What is the hundreds digit of x?
4
Suppose 3*f - 61 = -2*n + 11, -5*f - 5*n + 115 = 0. What is the tens digit of f/(-117) - (-947)/9?
0
Suppose 4*i - 2*z = 5534, 0 = 56*i - 51*i - 4*z - 6910. What is the units digit of i?
6
Let v(f) = -10*f**3 - 2*f**2 + 4*f - 6. Let j(i) = 10*i**3 + 3*i**2 - 5*i + 7. Let g(x) = -4*j(x) - 5*v(x). What is the tens digit of g(2)?
7
Let z be ((-3)/(-2))/(-3)*(-630)/7. Let m = 89 - z. What is the units digit of m?
4
Suppose -3*f + 5 = j, -f + 3*j + j = -19. What is the hundreds digit of f/9 - (-1824)/9?
2
Let n(s) = 2*s**2 - 8*s + 2109. What is the tens digit of n(0)?
0
Let b = 23 - 21. Suppose -3*j - 3*m + 3 = -0*m, -b*m - 4 = -4*j. What is the units digit of j?
1
Let w be 13/2*(-3 + 1). Suppose 33*g + 84 = 29*g. Let i = w - g. What is the units digit of i?
8
Let k = 18 + -22. Let u be (-147)/15 + k/(-5). What is the tens digit of ((-132)/(-6))/((-6)/u)?
3
Suppose 12*q - 3*q = 0. Suppose q = l - 12 - 2. What is the units digit of l?
4
Let c = 83 + 1569. What is the hundreds digit of c?
6
Let f = 120 - 77. Let d = 147 - f. What is the hundreds digit of d?
1
Suppose 115*h - 111*h = 2960. What is the hundreds digit of h?
7
Let f = 62 - 43. Let t(y) = -f + 2 + 18*y + 3 - y**2. What is the units digit of t(12)?
8
Let m = -15 + 17. Suppose m*h + 3*h = -4*k + 78, -3*k = -6. Let r = h - 9. What is the units digit of r?
5
Let j(o) be the first derivative of -o**2/2 - 5*o + 6. Let m be j(-3). What is the units digit of -29*(-3)/(-6)*m?
9
Let z(t) = -3*t + 11. Let o be z(-4). Suppose -o*m + 26*m - 312 = 0. What is the tens digit of m?
0
Suppose 6*s + 533 = 19*s. Suppose -p - w + s = 0, -3*p + 20 = 4*w - 105. What is the units digit of p?
9
Suppose 11*q = 19*q - 1736. What is the hundreds digit of q?
2
Let f = -48 - -2. Let a = f + 65. What is the units digit of a?
9
What is the tens digit of 1 - (4/10 + (-45312)/80)?
6
Suppose -5*r = -2*h - 1, -2*r - 4 = -3*h - 11. What is the units digit of ((-168)/(-30))/(h/(-15))?
8
Let i = 3677 - 2609. What is the hundreds digit of i?
0
Let a(l) = -l**3 + l**2 + 8*l - 10. Let c be a(-3). Suppose 0*t = -3*t. Suppose 0 = -2*r - 3*o, t*o = -c*r - o + 8. What is the units digit of r?
6
Let p(h) = -h**3 - 4*h**2 - 5*h - 4. Let n be p(-3). Suppose 31 = z + n*k, 0*k + 5*k = 20. What is the units digit of z?
3
Let r(l) = -l**2 + 11*l - 5. Let t be r(10). Suppose 9*y - 88 = t*y. What is the tens digit of y?
2
Let u = 38 + -39. Let a be (-83 + -4)*u - -2. Suppose 3*y - 2*r - 130 = 0, -2*y - 2*r = -r - a. What is the tens digit of y?
4
What is the tens digit of (160 - -14) + (-3 - 0)?
7
Suppose -j = r - 448, -7*j + 4*j + 1359 = -2*r. What is the units digit of j?
1
What is the units digit of 3/(-6) - (-3991)/26?
3
Let x(y) = -y**3 + 7*y**2 + y - 5. Let b be 116/16 + 3/(-12). What is the uni